00111210 (base 3) in base 9?
-40453
What is -110233022020 (base 4) in base 5?
-2342423130
What is -3423625 (base 7) in base 5?
-102120234
Convert -66a048 (base 12) to base 16.
-18f1b8
Convert -2330400 (base 5) to base 4.
-22121220
What is 61128 (base 11) in base 2?
10101110011110000
104715 (base 15) to base 5
144240340
What is 14592988 (base 10) in base 15?
1433cad
What is 3310012322 (base 4) in base 5?
223443431
What is -6370ba (base 14) in base 2?
-1100110100101100011100
Convert b23965 (base 12) to base 15.
3a038b
What is -2110456 (base 7) in base 10?
-254743
Convert -101111111001011100 (base 2) to base 4.
-233321130
What is -242877 (base 10) in base 13?
-8671b
Convert -12d85 (base 15) to base 2.
-1110110000001001
1225522 (base 7) to base 6
3215401
Convert -1102316 (base 9) to base 16.
-9094e
102110110001 (base 3) to base 16
37132
1cae0 (base 15) to base 10
93585
Convert 1321222321 (base 4) to base 11.
310476
Convert -30302221301 (base 4) to base 11.
-1990345
What is -32103330111 (base 4) in base 5?
-1430023301
784bb9 (base 14) to base 12
1450293
What is -7210 (base 11) in base 15?
-2c80
Convert -1103106 (base 7) to base 4.
-201011310
What is -4444404121 (base 5) in base 14?
-1421d5a
What is 1031112204 (base 5) in base 14?
416519
What is 2054550 (base 6) in base 8?
305002
What is -13302020 (base 4) in base 5?
-2010010
Convert 4244325 (base 6) to base 8.
626735
-11140500 (base 8) to base 9
-4471178
-2024123300 (base 5) to base 6
-224303321
Convert 11220151 (base 9) to base 10.
5445757
Convert 41853 (base 15) to base 9.
345876
-11101001011000001 (base 2) to base 16
-1d2c1
What is -200323223 (base 5) in base 4?
-3001123321
What is 3381d9 (base 14) in base 4?
12223200103
Convert 1114768 (base 9) to base 5.
123204341
Convert -35451 (base 11) to base 13.
-1a362
Convert -242212132 (base 5) to base 12.
-467233
What is -1110000110010011 (base 2) in base 16?
-e193
Convert acb91 (base 14) to base 3.
210022021021
What is 1232031 (base 4) in base 16?
1b8d
What is -124233102 (base 6) in base 11?
-1420993
What is 2210200200 (base 3) in base 13?
1c167
Convert -222455 (base 6) to base 10.
-18755
-2231331311 (base 4) to base 8
-2557565
Convert 7b1b34 (base 15) to base 13.
12aa857
Convert -4a018 (base 13) to base 4.
-201100223
What is -1100101011101101 (base 2) in base 15?
-105d4
What is 77ca24 (base 13) in base 8?
12621466
102121210221 (base 3) to base 12
b0481
What is 470345 (base 8) in base 9?
263387
What is -345234352 (base 6) in base 7?
-105334541
What is -1707134 (base 8) in base 5?
-111321241
310032322130 (base 4) to base 15
13070d2
Convert -301615 (base 7) to base 14.
-1487c
178a47 (base 11) to base 4
1003033313
Convert 288261 (base 14) to base 7.
14642251
15070 (base 11) to base 16
537d
Convert -4d44ed (base 15) to base 13.
-9cba19
Convert -263331 (base 11) to base 7.
-3343661
What is 33b45 (base 13) in base 12?
46612
Convert -2b7293 (base 13) to base 3.
-2000111022201
Convert 72cac (base 14) to base 13.
99064
Convert -2110000011210 (base 3) to base 2.
-100111101001100000111
What is 11100111100101100011 (base 2) in base 10?
948579
-2a284 (base 13) to base 3
-11001002212
5b3d3 (base 14) to base 12
a90a5
What is -24377136 (base 9) in base 8?
-55361171
339444 (base 10) to base 6
11135300
-144024 (base 5) to base 2
-1011111111011
Convert 21221132312 (base 4) to base 10.
2529206
Convert 37536 (base 10) to base 16.
92a0
11b510a (base 12) to base 14
6652b0
What is -12435413 (base 6) in base 8?
-1437601
6450561 (base 7) to base 14
166331
What is -307768 (base 9) in base 12?
-899bb
-338869 (base 10) to base 16
-52bb5
322556 (base 7) to base 8
155603
1918c4 (base 13) to base 12
26592b
What is -400101123 (base 6) in base 5?
-3210222012
What is 3a898 (base 11) in base 10?
58308
What is 603057 (base 11) in base 7?
11151020
Convert -111210021120001 (base 3) to base 9.
-14707501
What is -8535a3 (base 12) in base 8?
-10006213
What is 11432023 (base 7) in base 16?
f8206
-52222 (base 6) to base 8
-15526
-1a32904 (base 11) to base 15
-47b34e
Convert -37b68 (base 13) to base 5.
-11244012
What is -9025601 (base 10) in base 3?
-121222112210112
-2020022020102 (base 3) to base 6
-41235145
-37b542 (base 15) to base 11
-1564691
What is -232d0b (base 16) in base 12?
-9320b7
What is 25144645 (base 7) in base 6?
120302521
-46a81 (base 12) to base 3
-11211002221
Convert 40236 (base 10) to base 3.
2001012020
-69bcd (base 14) to base 11
-166538
Convert -3834724 (base 9) to base 4.
-13332032233
Convert -1100011111100100 (base 2) to base 13.
-1a3a4
4c8a8 (base 13) to base 10
142098
20981 (base 10) to base 16
51f5
What is 10010100110 (base 2) in base 3?
1122002
498996 (base 11) to base 10
787815
-55155141 (base 6) to base 7
-20003464
Convert -50aca (base 14) to base 8.
-573252
Convert -101011010100011101 (base 2) to base 5.
-21134222
What is 12553450 (base 6) in base 13?
118bab
What is -47a9a8 (base 12) in base 3?
-2011220002202
Convert 3304204 (base 6) to base 14.
43bd2
What is 2100982 (base 11) in base 10?
3705352
What is -377152 (base 8) in base 6?
-2444534
Convert -52025311 (base 6) to base 5.
-340344104
7e05ee (base 15) to base 8
26770774
Convert -24432244 (base 5) to base 12.
-b3121
Convert -143785 (base 10) to base 13.
-505a5
Convert 6059870 (base 11) to base 3.
202011102000220
Convert 110111000000011101 (base 2) to base 4.
313000131
Convert 324424 (base 6) to base 3.
1100221221
Convert 6894a0 (base 12) to base 4.
12120331320
What is 209280 (base 14) in base 11?
6920a1
Convert 39641 (base 16) to base 13.
82cc7
Convert 10110001000111101001110 (base 2) to base 10.
5803854
Convert -312365 (base 9) to base 2.
-101101010001111100
What is -791764 (base 12) in base 7?
-22262332
-12344131 (base 5) to base 4
-131232333
What is -10303232300 (base 4) in base 15?
-19d70e
Convert -3953361 (base 10) to base 8.
-17051321
Convert -c5a87 (base 16) to base 13.
-224676
What is -212000100121 (base 3) in base 6?
-13413024
What is -273712 (base 9) in base 3?
-22110210102
Convert -101110010011100010 (base 2) to base 16.
-2e4e2
-20240440 (base 5) to base 15
-33dd0
What is 30b9 (base 12) in base 3?
21022020
What is -100010010111000100001 (base 2) in base 16?
-112e21
Convert 100100001100001110 (base 2) to base 3.
21112100022
1111022021 (base 3) to base 7
151444
Convert -ae5c (base 16) to base 15.
-d35b
What is -2225255 (base 7) in base 10?
-275567
What is 1022302130 (base 4) in base 13?
a9580
Convert ddc1 (base 14) to base 4.
21113311
2d9380 (base 15) to base 16
21b12d
What is 65ba3 (base 12) in base 5?
13303023
Convert 3010570 (base 8) to base 3.
1111011220202
4175624 (base 8) to base 5
241103410
Convert 35502 (base 6) to base 3.
21001202
Convert -1001001110011111111110 (base 2) to base 3.
-11112212210222
3681996 (base 10) to base 8
16027314
320012123 (base 4) to base 11
147708
What is -3361c1 (base 16) in base 7?
-40423244
228601 (base 12) to base 6
15512001
-495988 (base 11) to base 3
-1110211012010
What is -140dd5 (base 14) in base 11?
-434642
252415441 (base 6) to base 3
100012020011021
-27031363 (base 8) to base 15
-7e54da
1456c (base 14) to base 13
19c82
What is -367360 (base 9) in base 6?
-4431213
-11351245 (base 8) to base 4
-21131022211
Convert -10011001000011001011 (base 2) to base 3.
-1011211221012
-551340522 (base 6) to base 4
-211222123202
Convert -11101000100101001110 (base 2) to base 16.
-e894e
What is 12111133222 (base 4) in base 16?
1957ea
1533 (base 8) to base 13
511
111110001100101101111 (base 2) to base 10
2038127
Convert -2200002012 (base 3) to base 15.
-10882
221204 (base 5) to base 6
55315
52350122 (base 8) to base 10
11128914
Convert 3668369 (base 10) to base 11.
2086111
141956 (base 10) to base 8
425204
Convert -101102211202 (base 3) to base 4.
-302022113
Convert 1e6f70 (base 16) to base 4.
13212331300
Convert 2736423 (base 8) to base 11.
485a93
What is 352302 (base 10) in base 14?
92566
Convert 21221341 (base 6) to base 4.
2120211331
What is a45c0 (base 16) in base 6?
22232424
Convert 11520353 (base 7) to base 16.
fb846
What is 23536322 (base 7) in base 6?
112512032
What is -177465 (base 9) in base 4?
-122331332
Convert 4462d (base 14) to base 6.
3315505
Convert -35431541 (base 6) to base 14.
-20bd89
Convert a3087 (base 14) to base 5.
100030021
-1d505e (base 16) to base 12